{"id":407,"date":"2023-11-11T14:02:11","date_gmt":"2023-11-11T13:02:11","guid":{"rendered":"http:\/\/windelflitzer-leonberg.de\/?page_id=407"},"modified":"2023-11-11T14:04:38","modified_gmt":"2023-11-11T13:04:38","slug":"elementor-407","status":"publish","type":"page","link":"https:\/\/windelflitzer-leonberg.de\/index.php\/elementor-407\/","title":{"rendered":"Neuigkeiten"},"content":{"rendered":"\t\t<div data-elementor-type=\"wp-page\" data-elementor-id=\"407\" class=\"elementor elementor-407\" data-elementor-settings=\"[]\">\n\t\t\t\t\t\t<div class=\"elementor-inner\">\n\t\t\t\t\t\t\t<div class=\"elementor-section-wrap\">\n\t\t\t\t\t\t\t<section class=\"elementor-section elementor-top-section elementor-element elementor-element-8e50fbf elementor-section-boxed elementor-section-height-default elementor-section-height-default\" data-id=\"8e50fbf\" data-element_type=\"section\">\n\t\t\t\t\t\t<div class=\"elementor-container elementor-column-gap-default\">\n\t\t\t\t\t\t\t<div class=\"elementor-row\">\n\t\t\t\t\t<div class=\"elementor-column elementor-col-100 elementor-top-column elementor-element elementor-element-0898caa\" data-id=\"0898caa\" data-element_type=\"column\">\n\t\t\t<div class=\"elementor-column-wrap elementor-element-populated\">\n\t\t\t\t\t\t\t<div class=\"elementor-widget-wrap\">\n\t\t\t\t\t\t<div class=\"elementor-element elementor-element-fef5d23 elementor-widget elementor-widget-heading\" data-id=\"fef5d23\" data-element_type=\"widget\" data-widget_type=\"heading.default\">\n\t\t\t\t<div class=\"elementor-widget-container\">\n\t\t\t<h2 class=\"elementor-heading-title elementor-size-default\">Laternenlauf 2023<\/h2>\t\t<\/div>\n\t\t\t\t<\/div>\n\t\t\t\t<div class=\"elementor-element elementor-element-92adddf elementor-widget elementor-widget-text-editor\" data-id=\"92adddf\" data-element_type=\"widget\" data-widget_type=\"text-editor.default\">\n\t\t\t\t<div class=\"elementor-widget-container\">\n\t\t\t\t\t<div class=\"elementor-text-editor elementor-clearfix\"><p class=\"p3\"><span class=\"s2\">\u201eIch schwimm mit meiner Laterne<\/span><\/p><p class=\"p3\"><span class=\"s2\">und meine Laterne mit mir.\u201c<\/span><\/p><p class=\"p3\"><span class=\"s2\">So h\u00e4tte das Motto unseres diesj\u00e4hrigen Laternenlaufes lauten k\u00f6nnen. Am vergangenen Montag machten sich 20 kleine Windelflitzer samt Eltern auf den Weg zum Laternenlauf. Denn der str\u00f6mende Regen hat uns nicht davon abgehalten, die knallbunten, liebevoll selbstgebastelten Eulen-Laternen auszuf\u00fchren.<\/span><\/p><p class=\"p3\"><span class=\"s2\">Im Anschluss haben wir den Abend traditionell im Kita-Garten bei selbstgemachten Leckereien und dem ersten Kinderpunsch des Jahres ausklingen lassen.<\/span><\/p><p class=\"p3\"><span class=\"s2\">Unser Laternenfest war so gut besucht wie noch nie, es waren beinahe alle Kinder samt allen Elternteilen da, was besonders sch\u00f6n war. Es war ein wunderbarer Nachmittag\/Abend, f\u00fcr den wir uns ganz herzlich bei unserem fantastischen Kita-Team bedanken m\u00f6chten!<\/span><\/p><p>Die Windelflitzer-Elternschaft<\/p><\/div>\n\t\t\t\t<\/div>\n\t\t\t\t<\/div>\n\t\t\t\t<div class=\"elementor-element elementor-element-122219d elementor-widget elementor-widget-image\" data-id=\"122219d\" data-element_type=\"widget\" data-widget_type=\"image.default\">\n\t\t\t\t<div class=\"elementor-widget-container\">\n\t\t\t\t\t<div class=\"elementor-image\">\n\t\t\t\t\t\t\t\t\t\t<img width=\"525\" height=\"394\" src=\"https:\/\/windelflitzer-leonberg.de\/wp-content\/uploads\/2023\/11\/Laternenlauf2023-1024x768.jpeg\" class=\"attachment-large size-large\" alt=\"\" loading=\"lazy\" srcset=\"https:\/\/windelflitzer-leonberg.de\/wp-content\/uploads\/2023\/11\/Laternenlauf2023-1024x768.jpeg 1024w, https:\/\/windelflitzer-leonberg.de\/wp-content\/uploads\/2023\/11\/Laternenlauf2023-300x225.jpeg 300w, https:\/\/windelflitzer-leonberg.de\/wp-content\/uploads\/2023\/11\/Laternenlauf2023-768x576.jpeg 768w, https:\/\/windelflitzer-leonberg.de\/wp-content\/uploads\/2023\/11\/Laternenlauf2023-1536x1152.jpeg 1536w, https:\/\/windelflitzer-leonberg.de\/wp-content\/uploads\/2023\/11\/Laternenlauf2023-2048x1536.jpeg 2048w\" sizes=\"100vw\" \/>\t\t\t\t\t\t\t\t\t\t\t<\/div>\n\t\t\t\t<\/div>\n\t\t\t\t<\/div>\n\t\t\t\t\t\t<\/div>\n\t\t\t\t\t<\/div>\n\t\t<\/div>\n\t\t\t\t\t\t\t\t<\/div>\n\t\t\t\t\t<\/div>\n\t\t<\/section>\n\t\t\t\t\t\t<\/div>\n\t\t\t\t\t\t<\/div>\n\t\t\t\t\t<\/div>\n\t\t","protected":false},"excerpt":{"rendered":"<p>Laternenlauf 2023 \u201eIch schwimm mit meiner Laterne und meine Laterne mit mir.\u201c So h\u00e4tte das Motto unseres diesj\u00e4hrigen Laternenlaufes lauten k\u00f6nnen. Am vergangenen Montag machten sich 20 kleine Windelflitzer samt Eltern auf den Weg zum Laternenlauf. Denn der str\u00f6mende Regen hat uns nicht davon abgehalten, die knallbunten, liebevoll selbstgebastelten Eulen-Laternen auszuf\u00fchren. Im Anschluss haben wir &hellip; <\/p>\n<p class=\"link-more\"><a href=\"https:\/\/windelflitzer-leonberg.de\/index.php\/elementor-407\/\" class=\"more-link\"><span class=\"screen-reader-text\">\u201eNeuigkeiten\u201c<\/span> weiterlesen<\/a><\/p>\n","protected":false},"author":2,"featured_media":0,"parent":0,"menu_order":0,"comment_status":"closed","ping_status":"closed","template":"","meta":[],"_links":{"self":[{"href":"https:\/\/windelflitzer-leonberg.de\/index.php\/wp-json\/wp\/v2\/pages\/407"}],"collection":[{"href":"https:\/\/windelflitzer-leonberg.de\/index.php\/wp-json\/wp\/v2\/pages"}],"about":[{"href":"https:\/\/windelflitzer-leonberg.de\/index.php\/wp-json\/wp\/v2\/types\/page"}],"author":[{"embeddable":true,"href":"https:\/\/windelflitzer-leonberg.de\/index.php\/wp-json\/wp\/v2\/users\/2"}],"replies":[{"embeddable":true,"href":"https:\/\/windelflitzer-leonberg.de\/index.php\/wp-json\/wp\/v2\/comments?post=407"}],"version-history":[{"count":5,"href":"https:\/\/windelflitzer-leonberg.de\/index.php\/wp-json\/wp\/v2\/pages\/407\/revisions"}],"predecessor-version":[{"id":415,"href":"https:\/\/windelflitzer-leonberg.de\/index.php\/wp-json\/wp\/v2\/pages\/407\/revisions\/415"}],"wp:attachment":[{"href":"https:\/\/windelflitzer-leonberg.de\/index.php\/wp-json\/wp\/v2\/media?parent=407"}],"curies":[{"name":"wp","href":"https:\/\/api.w.org\/{rel}","templated":true}]}}

<div data-elementor-type="wp-page" data-elementor-id="407" class="elementor elementor-407" data-elementor-settings="[]">
						<div class="elementor-inner">
							<div class="elementor-section-wrap">
							<section class="elementor-section elementor-top-section elementor-element elementor-element-8e50fbf elementor-section-boxed elementor-section-height-default elementor-section-height-default" data-id="8e50fbf" data-element_type="section">
						<div class="elementor-container elementor-column-gap-default">
							<div class="elementor-row">
					<div class="elementor-column elementor-col-100 elementor-top-column elementor-element elementor-element-0898caa" data-id="0898caa" data-element_type="column">
			<div class="elementor-column-wrap elementor-element-populated">
							<div class="elementor-widget-wrap">
						<div class="elementor-element elementor-element-fef5d23 elementor-widget elementor-widget-heading" data-id="fef5d23" data-element_type="widget" data-widget_type="heading.default">
				<div class="elementor-widget-container">
			<h2 class="elementor-heading-title elementor-size-default">Laternenlauf 2023</h2>		</div>
				</div>
				<div class="elementor-element elementor-element-92adddf elementor-widget elementor-widget-text-editor" data-id="92adddf" data-element_type="widget" data-widget_type="text-editor.default">
				<div class="elementor-widget-container">
					<div class="elementor-text-editor elementor-clearfix"><p class="p3"><span class="s2">„Ich schwimm mit meiner Laterne</span></p><p class="p3"><span class="s2">und meine Laterne mit mir.“</span></p><p class="p3"><span class="s2">So hätte das Motto unseres diesjährigen Laternenlaufes lauten können. Am vergangenen Montag machten sich 20 kleine Windelflitzer samt Eltern auf den Weg zum Laternenlauf. Denn der strömende Regen hat uns nicht davon abgehalten, die knallbunten, liebevoll selbstgebastelten Eulen-Laternen auszuführen.</span></p><p class="p3"><span class="s2">Im Anschluss haben wir den Abend traditionell im Kita-Garten bei selbstgemachten Leckereien und dem ersten Kinderpunsch des Jahres ausklingen lassen.</span></p><p class="p3"><span class="s2">Unser Laternenfest war so gut besucht wie noch nie, es waren beinahe alle Kinder samt allen Elternteilen da, was besonders schön war. Es war ein wunderbarer Nachmittag/Abend, für den wir uns ganz herzlich bei unserem fantastischen Kita-Team bedanken möchten!</span></p><p>Die Windelflitzer-Elternschaft</p></div>
				</div>
				</div>
				<div class="elementor-element elementor-element-122219d elementor-widget elementor-widget-image" data-id="122219d" data-element_type="widget" data-widget_type="image.default">
				<div class="elementor-widget-container">
					<div class="elementor-image">
										<img width="525" height="394" src="https://windelflitzer-leonberg.de/wp-content/uploads/2023/11/Laternenlauf2023-1024x768.jpeg" class="attachment-large size-large" alt="" loading="lazy" srcset="https://windelflitzer-leonberg.de/wp-content/uploads/2023/11/Laternenlauf2023-1024x768.jpeg 1024w, https://windelflitzer-leonberg.de/wp-content/uploads/2023/11/Laternenlauf2023-300x225.jpeg 300w, https://windelflitzer-leonberg.de/wp-content/uploads/2023/11/Laternenlauf2023-768x576.jpeg 768w, https://windelflitzer-leonberg.de/wp-content/uploads/2023/11/Laternenlauf2023-1536x1152.jpeg 1536w, https://windelflitzer-leonberg.de/wp-content/uploads/2023/11/Laternenlauf2023-2048x1536.jpeg 2048w" sizes="100vw" />											</div>
				</div>
				</div>
						</div>
					</div>
		</div>
								</div>
					</div>
		</section>
						</div>
						</div>
					</div>

<p>Laternenlauf 2023 „Ich schwimm mit meiner Laterne und meine Laterne mit mir.“ So hätte das Motto unseres diesjährigen Laternenlaufes lauten können. Am vergangenen Montag machten sich 20 kleine Windelflitzer samt Eltern auf den Weg zum Laternenlauf. Denn der strömende Regen hat uns nicht davon abgehalten, die knallbunten, liebevoll selbstgebastelten Eulen-Laternen auszuführen. Im Anschluss haben wir &hellip; </p>
<p class="link-more"><a href="https://windelflitzer-leonberg.de/index.php/elementor-407/" class="more-link"><span class="screen-reader-text">„Neuigkeiten“</span> weiterlesen</a></p>
